{"id":31,"date":"2016-12-16T12:54:57","date_gmt":"2016-12-16T10:54:57","guid":{"rendered":"http:\/\/agilerasmus.com\/wordpress\/?page_id=31"},"modified":"2021-01-19T07:50:43","modified_gmt":"2021-01-19T06:50:43","slug":"about","status":"publish","type":"page","link":"https:\/\/agilerasmus.com\/wordpress\/","title":{"rendered":"AgileRasmus"},"content":{"rendered":"<p>Rasmus Kaae is working world wide as an agile coach, mentor, presenter, facilitator and trainer. Being certified Scrum Master, Scrum Product Owner and Scrum Professional, Rasmus is dedicated to bring Scrum and agility into organisations by having a full stack end-to-end and top-to-bottom approach. As a trainer, Rasmus brings his professional experience from coaching and training more than 1.000 IT and business employees to work with partitipants as they begin their journey into agility. Rasmus is very calm and great at getting everyone in the room to speak up and interact during both coaching and training sessions. Rasmus has personal experience in various contexts ranging from hardcore technical lead developer to people and project management. In the latter years Rasmus has focused on helping people to adopt Scrum in order to gain full benefit of agility. Both on the job and out side the office, Rasmus has an extensive international network and have been member of the national board of Round Table Denmark in a period of 5 years. With regards to community involvement, Rasmus have been an active participant and speaker at several conferences in Denmark (most prominently GOTO Conference and Scrumday) and primary driver of an internal agile communities in various organizations.<\/p>\n<p>Certifications:<\/p>\n<ul>\n<li>Certified Scrum Master (CSM)<\/li>\n<li>Certified Scrum Product Owner (CSPO)<\/li>\n<li>Certified Scrum Profesional (CSP)<\/li>\n<li>Certified Agile Leadership (CAL)<\/li>\n<li>Certified SAFe Program Consultant (SPC)<\/li>\n<li>Certified SAFe Agilist (SA)<\/li>\n<li>Professional Scrum Master I+II<\/li>\n<\/ul>\n<p>In 2017 Rasmus took initiative to start a local agile community called Midtjysk Agile Coach Hangout &#8211; a free-for-all network. <a href=\"https:\/\/mach-talk.dk\">Learn more about MACH<\/a>.<\/p>\n<p>Outside work, Rasmus is an active horseman and has a small center for training show jumping. Read more at <a href=\"http:\/\/faurholdt.dk\">www.faurholdt.dk<\/a>. In relation to this hobby a range of apps and applications have been developed under the label <a href=\"http:\/\/coursetool.org\">CourseTool<\/a>.<\/p>\n<hr>\n<p>Agilerasmus.com<\/p>\n<!-- AddThis Advanced Settings generic via filter on the_content --><!-- AddThis Share Buttons generic via filter on the_content -->","protected":false},"excerpt":{"rendered":"<p>Rasmus Kaae is working world wide as an agile coach, mentor, presenter, facilitator and trainer. Being certified Scrum Master, Scrum Product Owner and Scrum Professional, Rasmus is dedicated to bring Scrum and agility into organisations&#8230;<!-- AddThis Advanced Settings generic via filter on get_the_excerpt --><!-- AddThis Share Buttons generic via filter on get_the_excerpt --><\/p>\n","protected":false},"author":1,"featured_media":0,"parent":0,"menu_order":0,"comment_status":"closed","ping_status":"closed","template":"page-front.php","meta":{"spay_email":""},"yoast_head":"<!-- This site is optimized with the Yoast SEO plugin v17.8 - https:\/\/yoast.com\/wordpress\/plugins\/seo\/ -->\n<title>AgileRasmus - @agilerasmus<\/title>\n<meta name=\"robots\" content=\"index, follow, max-snippet:-1, max-image-preview:large, max-video-preview:-1\" \/>\n<link rel=\"canonical\" href=\"https:\/\/agilerasmus.com\/wordpress\/\" \/>\n<meta property=\"og:locale\" content=\"en_GB\" \/>\n<meta property=\"og:type\" content=\"article\" \/>\n<meta property=\"og:title\" content=\"AgileRasmus - @agilerasmus\" \/>\n<meta property=\"og:description\" content=\"Rasmus Kaae is working world wide as an agile coach, mentor, presenter, facilitator and trainer. Being certified Scrum Master, Scrum Product Owner and Scrum Professional, Rasmus is dedicated to bring Scrum and agility into organisations...\" \/>\n<meta property=\"og:url\" content=\"https:\/\/agilerasmus.com\/wordpress\/\" \/>\n<meta property=\"og:site_name\" content=\"@agilerasmus\" \/>\n<meta property=\"article:modified_time\" content=\"2021-01-19T06:50:43+00:00\" \/>\n<meta name=\"twitter:card\" content=\"summary_large_image\" \/>\n<meta name=\"twitter:label1\" content=\"Estimated reading time\" \/>\n\t<meta name=\"twitter:data1\" content=\"1 minute\" \/>\n<script type=\"application\/ld+json\" class=\"yoast-schema-graph\">{\"@context\":\"https:\/\/schema.org\",\"@graph\":[{\"@type\":\"WebSite\",\"@id\":\"https:\/\/agilerasmus.com\/wordpress\/#website\",\"url\":\"https:\/\/agilerasmus.com\/wordpress\/\",\"name\":\"@agilerasmus\",\"description\":\"agile coach, trainer and scrum master\",\"potentialAction\":[{\"@type\":\"SearchAction\",\"target\":{\"@type\":\"EntryPoint\",\"urlTemplate\":\"https:\/\/agilerasmus.com\/wordpress\/?s={search_term_string}\"},\"query-input\":\"required name=search_term_string\"}],\"inLanguage\":\"en-GB\"},{\"@type\":\"WebPage\",\"@id\":\"https:\/\/agilerasmus.com\/wordpress\/#webpage\",\"url\":\"https:\/\/agilerasmus.com\/wordpress\/\",\"name\":\"AgileRasmus - @agilerasmus\",\"isPartOf\":{\"@id\":\"https:\/\/agilerasmus.com\/wordpress\/#website\"},\"datePublished\":\"2016-12-16T10:54:57+00:00\",\"dateModified\":\"2021-01-19T06:50:43+00:00\",\"breadcrumb\":{\"@id\":\"https:\/\/agilerasmus.com\/wordpress\/#breadcrumb\"},\"inLanguage\":\"en-GB\",\"potentialAction\":[{\"@type\":\"ReadAction\",\"target\":[\"https:\/\/agilerasmus.com\/wordpress\/\"]}]},{\"@type\":\"BreadcrumbList\",\"@id\":\"https:\/\/agilerasmus.com\/wordpress\/#breadcrumb\",\"itemListElement\":[{\"@type\":\"ListItem\",\"position\":1,\"name\":\"Home\",\"item\":\"https:\/\/agilerasmus.com\/wordpress\/\"},{\"@type\":\"ListItem\",\"position\":2,\"name\":\"AgileRasmus\"}]}]}<\/script>\n<!-- \/ Yoast SEO plugin. -->","yoast_head_json":{"title":"AgileRasmus - @agilerasmus","robots":{"index":"index","follow":"follow","max-snippet":"max-snippet:-1","max-image-preview":"max-image-preview:large","max-video-preview":"max-video-preview:-1"},"canonical":"https:\/\/agilerasmus.com\/wordpress\/","og_locale":"en_GB","og_type":"article","og_title":"AgileRasmus - @agilerasmus","og_description":"Rasmus Kaae is working world wide as an agile coach, mentor, presenter, facilitator and trainer. Being certified Scrum Master, Scrum Product Owner and Scrum Professional, Rasmus is dedicated to bring Scrum and agility into organisations...","og_url":"https:\/\/agilerasmus.com\/wordpress\/","og_site_name":"@agilerasmus","article_modified_time":"2021-01-19T06:50:43+00:00","twitter_card":"summary_large_image","twitter_misc":{"Estimated reading time":"1 minute"},"schema":{"@context":"https:\/\/schema.org","@graph":[{"@type":"WebSite","@id":"https:\/\/agilerasmus.com\/wordpress\/#website","url":"https:\/\/agilerasmus.com\/wordpress\/","name":"@agilerasmus","description":"agile coach, trainer and scrum master","potentialAction":[{"@type":"SearchAction","target":{"@type":"EntryPoint","urlTemplate":"https:\/\/agilerasmus.com\/wordpress\/?s={search_term_string}"},"query-input":"required name=search_term_string"}],"inLanguage":"en-GB"},{"@type":"WebPage","@id":"https:\/\/agilerasmus.com\/wordpress\/#webpage","url":"https:\/\/agilerasmus.com\/wordpress\/","name":"AgileRasmus - @agilerasmus","isPartOf":{"@id":"https:\/\/agilerasmus.com\/wordpress\/#website"},"datePublished":"2016-12-16T10:54:57+00:00","dateModified":"2021-01-19T06:50:43+00:00","breadcrumb":{"@id":"https:\/\/agilerasmus.com\/wordpress\/#breadcrumb"},"inLanguage":"en-GB","potentialAction":[{"@type":"ReadAction","target":["https:\/\/agilerasmus.com\/wordpress\/"]}]},{"@type":"BreadcrumbList","@id":"https:\/\/agilerasmus.com\/wordpress\/#breadcrumb","itemListElement":[{"@type":"ListItem","position":1,"name":"Home","item":"https:\/\/agilerasmus.com\/wordpress\/"},{"@type":"ListItem","position":2,"name":"AgileRasmus"}]}]}},"jetpack_sharing_enabled":true,"jetpack_shortlink":"https:\/\/wp.me\/P8dzln-v","jetpack-related-posts":[{"id":439,"url":"https:\/\/agilerasmus.com\/wordpress\/mach\/","url_meta":{"origin":31,"position":0},"title":"MACH","date":"April 26, 2017","format":false,"excerpt":"Midtjysk Agil Coach Hangout M\u00f8der 9. maj, 2017: Bankdata, Silkeborg. Tilmelding her: https:\/\/www.eventbrite.com\/e\/midtjysk-agile-coach-hangout-tickets-33983983008 Netv\u00e6rksmedlemmer Ole Rich Henningsen, Alterate Morten Grantzau, Testhuset Flemming Nielsen, Jyske Bank Christina Aunsholt, JN Data Finn Leander, Danske Bank Simon Kunddal, Danske Bank Jan B Olsen, Danske Bank Bent Myllerup, agile42 S\u00f8ren Weiss, version1 Aino Corry,\u2026","rel":"","context":"Similar post","img":{"alt_text":"","src":"","width":0,"height":0},"classes":[]},{"id":930,"url":"https:\/\/agilerasmus.com\/wordpress\/agile-on-demand\/","url_meta":{"origin":31,"position":1},"title":"AgileOnDemand.dk","date":"April 28, 2020","format":false,"excerpt":"https:\/\/youtu.be\/rvp5DjMor3M Er du Scrum Master, Product Owner, Team Medlem, Agil Leder eller Agilist? S\u00e5 er dette vejen til at l\u00e6re om: Sunde m\u00e5lSkaleringRigtig backlogGod planFlow konceptBedre scrum Indtast dine oplysninger nedenfor og f\u00e5 information om video, fysisk bog samt sparring med mig:","rel":"","context":"Similar post","img":{"alt_text":"","src":"https:\/\/i1.wp.com\/img.youtube.com\/vi\/rvp5DjMor3M\/0.jpg?resize=350%2C200","width":350,"height":200},"classes":[]},{"id":988,"url":"https:\/\/agilerasmus.com\/wordpress\/articles\/","url_meta":{"origin":31,"position":2},"title":"Articles","date":"February 16, 2021","format":false,"excerpt":"Over the years I have generated a set of technical and non-technical articles. I have tried to collect them here: 2001: Using design patterns in game engines (C++)Download 2001: OpenGL p\u00e5 dansk (C\/C++)Download 2005: KALCHAS - a Dynamic Full-Text XML Search Engine (C\/C++)Download 2005: Templated Burrows-Wheeler transformation (C++)Download 2006: Templates\u2026","rel":"","context":"Similar post","img":{"alt_text":"","src":"","width":0,"height":0},"classes":[]}],"_links":{"self":[{"href":"https:\/\/agilerasmus.com\/wordpress\/wp-json\/wp\/v2\/pages\/31"}],"collection":[{"href":"https:\/\/agilerasmus.com\/wordpress\/wp-json\/wp\/v2\/pages"}],"about":[{"href":"https:\/\/agilerasmus.com\/wordpress\/wp-json\/wp\/v2\/types\/page"}],"author":[{"embeddable":true,"href":"https:\/\/agilerasmus.com\/wordpress\/wp-json\/wp\/v2\/users\/1"}],"replies":[{"embeddable":true,"href":"https:\/\/agilerasmus.com\/wordpress\/wp-json\/wp\/v2\/comments?post=31"}],"version-history":[{"count":7,"href":"https:\/\/agilerasmus.com\/wordpress\/wp-json\/wp\/v2\/pages\/31\/revisions"}],"predecessor-version":[{"id":981,"href":"https:\/\/agilerasmus.com\/wordpress\/wp-json\/wp\/v2\/pages\/31\/revisions\/981"}],"wp:attachment":[{"href":"https:\/\/agilerasmus.com\/wordpress\/wp-json\/wp\/v2\/media?parent=31"}],"curies":[{"name":"wp","href":"https:\/\/api.w.org\/{rel}","templated":true}]}}